?
1000010
In base 5, what is 140131430011 - 2?
140131430004
In base 15, what is -4 - -b46b31?
b46b2c
In base 9, what is 211482216 - 4?
211482212
In base 14, what is -113d - -2179?
103a
In base 3, what is 112111122 - -1101110?
120220002
In base 9, what is -6483 + -46?
-6540
In base 2, what is -1011010 + -1011011001100100010100?
-1011011001100101101110
In base 7, what is -11605 + 521?
-11054
In base 3, what is 200220120012 + 21120?
200220211202
In base 7, what is 326 + -51033650?
-51033321
In base 9, what is -51 + -34252?
-34313
In base 2, what is -10100 - -10000011000011100011?
10000011000011001111
In base 6, what is -2414013 + 11033?
-2402540
In base 7, what is 510 - 60064?
-56254
In base 5, what is -100214343010 - 14?
-100214343024
In base 12, what is b8280a20 - 0?
b8280a20
In base 8, what is 767 + -64657?
-63670
In base 14, what is -95115c + -1b?
-951179
In base 6, what is -402504344 - -145?
-402504155
In base 11, what is -5 - 6983a29?
-6983a33
In base 3, what is 1 + 2002101022121?
2002101022122
In base 13, what is 8926cc + -6?
8926c6
In base 16, what is -73 - 933c?
-93af
In base 15, what is 461e + 4661?
8c80
In base 11, what is -157 + 23943a?
239293
In base 6, what is -3300 + 230435?
223135
In base 6, what is 4525 + -2550412?
-2541443
In base 12, what is 5 - 16a5234?
-16a522b
In base 14, what is -2c - -b64c4d?
b64c21
In base 11, what is 23805 + 118?
23922
In base 15, what is 15b2 - d64?
74d
In base 12, what is 52 + -29071a0?
-290714a
In base 11, what is 54a29389 - -2?
54a29390
In base 10, what is -3 - -37892632?
37892629
In base 8, what is -10346071 + 46?
-10346023
In base 11, what is -14238473 - 4?
-14238477
In base 13, what is -4 + -281903?
-281907
In base 10, what is -12698720 - 2?
-12698722
In base 7, what is -114233656 - 5?
-114233664
In base 7, what is 31 + 24131036?
24131100
In base 8, what is -67 - -53722340?
53722251
In base 12, what is -30238 + -1036?
-31272
In base 7, what is 122656 - -4452?
130441
In base 3, what is 100011102102 - 111002?
100010221100
In base 12, what is -22121 - 492a?
-26a4b
In base 8, what is -6722 - -1362?
-5340
In base 12, what is -78ba22 + -22?
-78ba44
In base 2, what is -100100 - -1011110000011110110?
1011110000011010010
In base 13, what is 0 - 19b7a24?
-19b7a24
In base 4, what is 30213 + 212322?
303201
In base 5, what is 10323101300 + -1?
10323101244
In base 13, what is 13 - aa479?
-aa466
In base 6, what is 50422031552 - -2?
50422031554
In base 8, what is 74213 + -7254?
64737
In base 9, what is -32 + 457018?
456876
In base 9, what is -12866 + -3448?
-16425
In base 14, what is 5 + -4d8813?
-4d880c
In base 11, what is -19727a - -21?
-197259
In base 12, what is 3034a4a - 4?
3034a46
In base 15, what is -11c + -1aca17?
-1acb34
In base 12, what is -249b995 - 1?
-249b996
In base 16, what is 3160b59 + 3?
3160b5c
In base 2, what is 1 + -1001101101010110011100011100?
-1001101101010110011100011011
In base 2, what is -1001110100000001111 + -11011000?
-1001110100011100111
In base 14, what is -3 - -1ac25749?
1ac25746
In base 8, what is 177266102 - -6?
177266110
In base 5, what is 4414114 + -42424?
4321140
In base 10, what is 481394 - 10?
481384
In base 4, what is -2033023113213 - 0?
-2033023113213
In base 5, what is 30 - 2331402130?
-2331402100
In base 9, what is 0 - 556774051?
-556774051
In base 10, what is -6093524 - -157?
-6093367
In base 7, what is -40133 + 4445?
-32355
In base 10, what is 51 - 11977992?
-11977941
In base 4, what is -2003 + -331022231?
-331030300
In base 4, what is 110113 - 2033121130?
-2033011011
In base 4, what is 313222123 - -21013?
313303202
In base 14, what is 48c09dd + -1?
48c09dc
In base 8, what is -140342 - -12?
-140330
In base 8, what is 431003547 + -5?
431003542
In base 3, what is 2101202221022012 + -11?
2101202221022001
In base 14, what is 2b4d + -a22?
212b
In base 16, what is -bcf001 - -3?
-bceffe
In base 14, what is b637d2 + 12?
b63804
In base 8, what is -171017 - -1646?
-167151
In base 8, what is 2046 - 14465?
-12417
In base 8, what is -7363074 - -5?
-7363067
In base 12, what is 39780 + -1333?
38449
In base 12, what is -499ba - -204?
-497b6
In base 4, what is 2022332 + -300021?
1122311
In base 9, what is 6 + -514054?
-514047
In base 9, what is 1105 + 152814?
154020
In base 13, what is -5a1 - 1459?
-1a2a
In base 5, what is -40212 + 2232331?
2142114
In base 14, what is bc - 139b8?
-138da
In base 5, what is -2440 - 2022103?
-2030043
In base 4, what is 312201022300 - 2?
312201022232
In base 2, what is 10110100010010110101 + 100?
10110100010010111001
In base 12, what is -39642a - -a0?
-39634a
In base 8, what is -44620417 + 75?
-44620322
In base 14, what is 921540b + -2?
9215409
In base 11, what is 53469 + 1116?
54584
In base 8, what is 13 + 56420147?
56420162
In base 5, what is 2024112 + -101004?
1423103
In base 14, what is -15c7 + -44b5?
-5a9c
In base 10, what is -54118890 + 0?
-54118890
In base 2, what is 100010111001100010010 + 0?
100010111001100010010
In base 15, what is -a58cb - 79?
-a5955
In base 13, what is 9bbb6a + 29?
9bbb96
In base 15, what is -1b - 12b133?
-12b14e
In base 15, what is -c - 1da183?
-1da190
In base 13, what is -2 - b680a22?
-b680a24
In base 7, what is -5606426 + 22?
-5606404
In base 8, what is 2 - 11003510?
-11003506
In base 16, what is 4d3 - 3727?
-3254
In base 8, what is 21233416 + 1?
21233417
In base 2, what is 10110011111011110011000 + 10?
10110011111011110011010
In base 3, what is 21212012220011 - -1?
21212012220012
In base 14, what is -9 + -87ad05?
-87ad10
In base 5, what is -1034401442 + -11?
-1034402003
In base 11, what is -5144 + 10838?
66a4
In base 7, what is -3014415 + 266?
-3014116
In base 16, what is -215 + -7c27f?
-7c494
In base 9, what is -85 + -2012125?
-2012221
In base 10, what is 3 + 2511229?
2511232
In base 3, what is 21112 + -202200210112?
-202200112000
In base 4, what is 13133210320113 + 3?
13133210320122
In base 13, what is 240b82 + -43?
240b3c
In base 10, what is 30 + -1278200?
-1278170
In base 7, what is 1131424 + 606?
1132333
In base 7, what is -1 + -20041310?
-20041311
In base 16, what is -3 + -190370?
-190373
In base 7, what is 303214022 - -40?
303214062
In base 14, what is 9 + -6bc170?
-6bc165
In base 5, what is 3 - -1302214323?
1302214331
In base 13, what is -5 + 1836092?
183608a
In base 6, what is 2 - -51431113?
51431115
In base 15, what is -3 - -1ddbaa8?
1ddbaa5
In base 2, what is -111010011000011110 - -10011010100?
-111010000101001010
In base 9, what is -17502828 + 4?
-17502824
In base 2, what is -1111000101100111101111 + -11?
-1111000101100111110010
In base 15, what is -2912bd - 2e?
-2912ec
In base 4, what is -11 + 12333303013210?
12333303013133
In base 11, what is 6 + -397119?
-397113
In base 12, what is -19 + 1159226?
1159209
In base 7, what is -3 - -53422305?
53422302
In base 2, what is -101111110110111 + -1010110011001001?
-10000110010000000
In base 10, what is -138179 + 202?
-137977
In base 16, what is e5 + 314d?
3232
In base 12, what is -872253 + -6?
-872259
In base 4, what is -30001203213 + 32?
-30001203121
In base 8, what is -10557 + -53037?
-63616
In base 2, what is 1000010110001101 + 101111010011?
1001000101100000
In base 4, what is 101111 - 13002332?
-12301221
In base 5, what is -201 + -211400410?
-211401111
In base 6, what is 5 - -5415452342?
5415452351
In base 14, what is 2 - 2dd29a8?
-2dd29a6
In base 13, what is 17a179 - -77?
17a223
In base 16, what is 0 - 11c9257?
-11c9257
In base 6, what is 10414 - 43330?
-32512
In base 2, what is -111111 + 1111110000000010?
1111101111000011
In base 3, what is -20 - 20220200020121?
-20220200020211
In base 6, what is -11544052114 - 4?
-11544052122
In base 4, what is 320202322000 - 0?
320202322000
In base 13, what is 400aaa + 27?
400b04
In base 12, what is 11 + -333817?
-333806
In base 10, what is -38 + 2501034?
2500996
In base 6, what is 24453045 + 2?
24453051
In base 5, what is -31111241120 + 3?
-31111241112
In base 9, what is -86 + -65714?
-65811
In base 4, what is -22 + -10111002201?
-10111002223
In base 6, what is -31403 + -11304?
-43111
In base 3, what is 20200 + -2002022100?
-2002001200
In base 4, what is 2310200122022 - -10?
2310200122032
In base 13, what is 11 + 25824?
25835
In base 9, what is -568028647 - -3?
-568028644
In base 9, what is -2 - 141227550?
-141227552
In ba